{"id":18,"date":"2020-12-11T16:19:16","date_gmt":"2020-12-11T15:19:16","guid":{"rendered":"https:\/\/regio-site.de\/Entwuerfe\/wsv\/wordpress\/?page_id=18"},"modified":"2021-02-07T21:31:59","modified_gmt":"2021-02-07T20:31:59","slug":"verein","status":"publish","type":"page","link":"https:\/\/regio-site.de\/Entwuerfe\/wsv\/wordpress\/?page_id=18","title":{"rendered":"Verein"},"content":{"rendered":"\n<p>Die Abteilung Ski Nordisch des Wintersportvereins Ilmenau besteht derzeit aus circa 30 Mitgliedern im Alter von 31 bis 82 Jahren. Die sportlichen Aktivit\u00e4ten konzentrieren sich haupts\u00e4chlich auf Skilanglauf, Laufen und Biken. Aber auch Triathlon- und Skisprungveranstaltungen werden von einzelnen Mitgliedern wahrgenommen.<\/p>\n\n\n\n<p>Zu den sportlichen H\u00f6hepunkten der Wintersaison geh\u00f6rt allj\u00e4hrlich die Teilnahme am K\u00f6nig-Ludwig-Skilanglauf beim Partnerverein in Oberammergau, Isergebirgslauf in Tschechien, Rennsteig-Skilauf, Vasalauf in Schweden und Engadin-Skimarathon in der Schweiz.<\/p>\n\n\n\n<p><\/p>\n\n\n\n<figure class=\"wp-block-image size-large\"><img loading=\"lazy\" width=\"1024\" height=\"490\" src=\"https:\/\/regio-site.de\/Entwuerfe\/wsv\/wordpress\/wp-content\/uploads\/2020\/12\/Start-KLL_schmal-1024x490.jpg\" alt=\"Die Skil\u00e4ufer kurz nach dem Start am Morgen beim K\u00f6nig-Ludwig-Lauf in Ettal. \" class=\"wp-image-285\" srcset=\"https:\/\/regio-site.de\/Entwuerfe\/wsv\/wordpress\/wp-content\/uploads\/2020\/12\/Start-KLL_schmal-1024x490.jpg 1024w, https:\/\/regio-site.de\/Entwuerfe\/wsv\/wordpress\/wp-content\/uploads\/2020\/12\/Start-KLL_schmal-300x144.jpg 300w, https:\/\/regio-site.de\/Entwuerfe\/wsv\/wordpress\/wp-content\/uploads\/2020\/12\/Start-KLL_schmal-768x368.jpg 768w, https:\/\/regio-site.de\/Entwuerfe\/wsv\/wordpress\/wp-content\/uploads\/2020\/12\/Start-KLL_schmal-1536x736.jpg 1536w, https:\/\/regio-site.de\/Entwuerfe\/wsv\/wordpress\/wp-content\/uploads\/2020\/12\/Start-KLL_schmal.jpg 2000w\" sizes=\"(max-width: 1024px) 100vw, 1024px\" \/><figcaption>K\u00f6nig-Ludwig-Lauf: Die L\u00e4ufer kurz nach dem Start bei Ettal. <\/figcaption><\/figure>\n\n\n\n<p>Die Laufsaison l\u00e4utet der WSV Ilmenau seit 2004 mit der Organisation des \u201eIlmenauer Osterlaufes \u2013 Rund um die Talsperre Heyda\u201c ein. Dieser 10 \u2013 und 20 km-Lauf erfreut sich j\u00e4hrlich gr\u00f6\u00dferer Beliebtheit und wird auch als 10 km Nordic Walking ausgeschrieben.<\/p>\n\n\n\n<p>Jeweils am letzten Wochenende im April findet das traditionelle Abwintern statt, wobei die Abteilung Ski Nordisch zun\u00e4chst den 2 \u2013 und 6 km Fr\u00fchjahrscross am Lindenberg austr\u00e4gt; anschlie\u00dfend findet ein Volleyballturnier f\u00fcr Freizeitmannschaften und ein Schanzenanstiegslauf statt. Als H\u00f6hepunkt wird der Winter in Form eines brennenden Schneemanns bei einer ironischen Grabrede beerdigt.<\/p>\n\n\n\n<p>Die rund 30 aktiven L\u00e4uferinnen und L\u00e4ufer der Abteilung sind bei vielen regionalen, aber auch \u00fcberregionalen Laufveranstaltungen vertreten. H\u00f6hepunkte sind dabei der Rennsteiglauf und der Rennsteig-Staffellauf.<\/p>\n\n\n\n<p>Zu den Aktivit\u00e4ten der Abteilung z\u00e4hlen aber auch gemeinsame Radtouren und Bergwanderungen sowie Treffen mit dem Partnerverein aus Oberammergau.<\/p>\n\n\n\n<p><\/p>\n\n\n\n<figure class=\"wp-block-image size-large\"><img loading=\"lazy\" width=\"1024\" height=\"657\" src=\"https:\/\/regio-site.de\/Entwuerfe\/wsv\/wordpress\/wp-content\/uploads\/2020\/12\/Bergtour-breit-1024x657.jpg\" alt=\"Mitglieder des WSV Ilmenau sowie des Partnervereins aus Oberammergau bei einer gemeinsamen Bergtour.\" class=\"wp-image-287\" srcset=\"https:\/\/regio-site.de\/Entwuerfe\/wsv\/wordpress\/wp-content\/uploads\/2020\/12\/Bergtour-breit-1024x657.jpg 1024w, https:\/\/regio-site.de\/Entwuerfe\/wsv\/wordpress\/wp-content\/uploads\/2020\/12\/Bergtour-breit-300x192.jpg 300w, https:\/\/regio-site.de\/Entwuerfe\/wsv\/wordpress\/wp-content\/uploads\/2020\/12\/Bergtour-breit-768x493.jpg 768w, https:\/\/regio-site.de\/Entwuerfe\/wsv\/wordpress\/wp-content\/uploads\/2020\/12\/Bergtour-breit-1536x985.jpg 1536w, https:\/\/regio-site.de\/Entwuerfe\/wsv\/wordpress\/wp-content\/uploads\/2020\/12\/Bergtour-breit.jpg 2000w\" sizes=\"(max-width: 1024px) 100vw, 1024px\" \/><figcaption>Gemeinsame Bergtour mit dem Partnerverein aus Oberammergau.<\/figcaption><\/figure>\n\n\n\n<p>Treffpunkt der Mitglieder ist die Skih\u00fctte am Auslauf der ehemaligen Lindenberg-Sprungschanze im Gabelbachtal. Dort findet jeweils am 1. Donnerstag im Monat um 19 Uhr eine Vereinsversammlung statt.<\/p>\n\n\n\n<p><\/p>\n\n\n\n<figure class=\"wp-block-image size-large\"><img loading=\"lazy\" width=\"1024\" height=\"676\" src=\"https:\/\/regio-site.de\/Entwuerfe\/wsv\/wordpress\/wp-content\/uploads\/2020\/12\/KLL-Verein-1024x676.jpg\" alt=\"Gruppenfoto der Vereinsmitglieder beim K\u00f6nig-Ludwig-Lauf 2017\" class=\"wp-image-284\" srcset=\"https:\/\/regio-site.de\/Entwuerfe\/wsv\/wordpress\/wp-content\/uploads\/2020\/12\/KLL-Verein-1024x676.jpg 1024w, https:\/\/regio-site.de\/Entwuerfe\/wsv\/wordpress\/wp-content\/uploads\/2020\/12\/KLL-Verein-300x198.jpg 300w, https:\/\/regio-site.de\/Entwuerfe\/wsv\/wordpress\/wp-content\/uploads\/2020\/12\/KLL-Verein-768x507.jpg 768w, https:\/\/regio-site.de\/Entwuerfe\/wsv\/wordpress\/wp-content\/uploads\/2020\/12\/KLL-Verein-1536x1014.jpg 1536w, https:\/\/regio-site.de\/Entwuerfe\/wsv\/wordpress\/wp-content\/uploads\/2020\/12\/KLL-Verein.jpg 2000w\" sizes=\"(max-width: 1024px) 100vw, 1024px\" \/><figcaption>Im Jahr 2017 mit starker Beteiligung beim K\u00f6nig-Ludwig-Lauf in Oberammergau.<\/figcaption><\/figure>\n\n\n\n<p><\/p>\n","protected":false},"excerpt":{"rendered":"<p>Die Abteilung Ski Nordisch des Wintersportvereins Ilmenau besteht derzeit aus circa 30 Mitgliedern im Alter von 31 bis 82 Jahren. Die sportlichen Aktivit\u00e4ten konzentrieren sich haupts\u00e4chlich auf Skilanglauf, Laufen und Biken. Aber auch Triathlon- und Skisprungveranstaltungen werden von einzelnen Mitgliedern wahrgenommen. Zu den sportlichen H\u00f6hepunkten der Wintersaison geh\u00f6rt allj\u00e4hrlich die Teilnahme am K\u00f6nig-Ludwig-Skilanglauf beim Partnerverein<\/p>\n<p><a href=\"https:\/\/regio-site.de\/Entwuerfe\/wsv\/wordpress\/?page_id=18\" class=\"more-link\">Weiterlesen<\/a><\/p>\n","protected":false},"author":1,"featured_media":0,"parent":0,"menu_order":0,"comment_status":"closed","ping_status":"closed","template":"","meta":[],"_links":{"self":[{"href":"https:\/\/regio-site.de\/Entwuerfe\/wsv\/wordpress\/index.php?rest_route=\/wp\/v2\/pages\/18"}],"collection":[{"href":"https:\/\/regio-site.de\/Entwuerfe\/wsv\/wordpress\/index.php?rest_route=\/wp\/v2\/pages"}],"about":[{"href":"https:\/\/regio-site.de\/Entwuerfe\/wsv\/wordpress\/index.php?rest_route=\/wp\/v2\/types\/page"}],"author":[{"embeddable":true,"href":"https:\/\/regio-site.de\/Entwuerfe\/wsv\/wordpress\/index.php?rest_route=\/wp\/v2\/users\/1"}],"replies":[{"embeddable":true,"href":"https:\/\/regio-site.de\/Entwuerfe\/wsv\/wordpress\/index.php?rest_route=%2Fwp%2Fv2%2Fcomments&post=18"}],"version-history":[{"count":13,"href":"https:\/\/regio-site.de\/Entwuerfe\/wsv\/wordpress\/index.php?rest_route=\/wp\/v2\/pages\/18\/revisions"}],"predecessor-version":[{"id":528,"href":"https:\/\/regio-site.de\/Entwuerfe\/wsv\/wordpress\/index.php?rest_route=\/wp\/v2\/pages\/18\/revisions\/528"}],"wp:attachment":[{"href":"https:\/\/regio-site.de\/Entwuerfe\/wsv\/wordpress\/index.php?rest_route=%2Fwp%2Fv2%2Fmedia&parent=18"}],"curies":[{"name":"wp","href":"https:\/\/api.w.org\/{rel}","templated":true}]}}